{"id":1830,"date":"2018-08-09T16:44:43","date_gmt":"2018-08-09T16:44:43","guid":{"rendered":"http:\/\/globewomen.com\/?page_id=1830"},"modified":"2018-08-09T16:45:52","modified_gmt":"2018-08-09T16:45:52","slug":"2008-legacies-of-women-forum-mexico-city-mexico","status":"publish","type":"page","link":"https:\/\/globewomen.com\/?page_id=1830","title":{"rendered":"2008 Legacies of Women Forum-Mexico City, Mexico"},"content":{"rendered":"<div id=\"pl-1830\"  class=\"panel-layout\" ><div id=\"pg-1830-0\"  class=\"panel-grid panel-no-style\" ><div id=\"pgc-1830-0-0\"  class=\"panel-grid-cell\" ><div id=\"panel-1830-0-0-0\" class=\"so-panel widget widget_sow-editor panel-first-child panel-last-child\" data-index=\"0\" ><div\n\t\t\t\n\t\t\tclass=\"so-widget-sow-editor so-widget-sow-editor-base\"\n\t\t\t\n\t\t>\n<div class=\"siteorigin-widget-tinymce textwidget\">\n\t<h2 style=\"text-align: center;\">The Global Summit of Women and Instituto Tecnol\u00f2gica Aut\u00f2nomo de M\u00e8xico (ITAM) present<\/h2>\n<h3 style=\"text-align: center;\"><span style=\"color: #333399;\">The Legacies of Women Forum:<strong>Dare to Change, Step into Leadership<\/strong><\/span><\/h3>\n<h4 style=\"text-align: center;\"><strong>Mexico City, Mexico<\/strong><\/h4>\n<\/div>\n<\/div><\/div><\/div><\/div><div id=\"pg-1830-1\"  class=\"panel-grid panel-no-style\" ><div id=\"pgc-1830-1-0\"  class=\"panel-grid-cell\" ><div id=\"panel-1830-1-0-0\" class=\"so-panel widget widget_sow-editor panel-first-child panel-last-child\" data-index=\"1\" ><div\n\t\t\t\n\t\t\tclass=\"so-widget-sow-editor so-widget-sow-editor-base\"\n\t\t\t\n\t\t>\n<div class=\"siteorigin-widget-tinymce textwidget\">\n\t<p><img loading=\"lazy\" decoding=\"async\" class=\"aligncenter wp-image-1831\" src=\"http:\/\/globewomen.com\/wp-content\/uploads\/2018\/08\/jody-Davids.jpg\" alt=\"\" width=\"267\" height=\"200\" srcset=\"https:\/\/globewomen.com\/wp-content\/uploads\/2018\/08\/jody-Davids.jpg 3353w, https:\/\/globewomen.com\/wp-content\/uploads\/2018\/08\/jody-Davids-300x225.jpg 300w, https:\/\/globewomen.com\/wp-content\/uploads\/2018\/08\/jody-Davids-768x576.jpg 768w, https:\/\/globewomen.com\/wp-content\/uploads\/2018\/08\/jody-Davids-1024x768.jpg 1024w\" sizes=\"(max-width: 267px) 100vw, 267px\" \/><\/p>\n<p style=\"text-align: center;\"><strong>Jody Davids, Executive Vice President and Chief\u00a0<\/strong><strong>Information Officer, Cardinal Health (USA)<\/strong><\/p>\n<p style=\"text-align: center;\">As Executive VP, Global Shared Services, and Chief Information Officer of Cardinal Health, Jody Davids is responsible for overseeing the aligned shared services functions of the company\u2019s finance, human resources, procurement, workplace services and enterprise information technology areas.\u00a0 In 2000, she came to Cardinal Health from Nike Inc., where she had served as Director, Technology Services since April 1997. Prior to joining Nike, Ms. Davids was employed by Apple Computer Inc., Cupertino, Calif., where she began as a computer programmer in March 1982 and served in positions of increasing responsibility over her 15-year tenure, spending most of that time in Apple\u2019s Asia Pacific Division. At Cardinal Health, Ms. Davids is sponsoring a broad women\u2019s initiative with the support and mentorship of President and CEO Kerry Clark.<\/p>\n<\/div>\n<\/div><\/div><\/div><div id=\"pgc-1830-1-1\"  class=\"panel-grid-cell\" ><div id=\"panel-1830-1-1-0\" class=\"so-panel widget widget_sow-editor panel-first-child panel-last-child\" data-index=\"2\" ><div\n\t\t\t\n\t\t\tclass=\"so-widget-sow-editor so-widget-sow-editor-base\"\n\t\t\t\n\t\t>\n<div class=\"siteorigin-widget-tinymce textwidget\">\n\t<p><img loading=\"lazy\" decoding=\"async\" class=\"aligncenter wp-image-1832\" src=\"http:\/\/globewomen.com\/wp-content\/uploads\/2018\/08\/Patricia-Diaz-Dennis.jpg\" alt=\"\" width=\"124\" height=\"162\" \/><\/p>\n<p style=\"text-align: center;\"><strong>Patricia Diaz Dennis, Senior Vice President and Assistant General Counsel, AT&amp;T, Inc. (USA).<br \/>\n<\/strong>As Senior Vice President and Assistant General Counsel for AT&amp;T Inc., Patricia Diaz Dennis is responsible for AT&amp;T Corporate Litigation, Procurement, Corporate Real Estate, and Environmental and Corporate Compliance.\u00a0 Earlier in her career, Ms. Dennis was appointed to three federal government positions:\u00a0 As a commissioner of the Federal Communications Commission; as a member of the National Labor Relations Board; and as Assistant Secretary of State for Human Rights and Humanitarian Affairs.\u00a0\u00a0 <em>Hispanic<\/em> Magazine named her one of the top 25 Latinos in business and she received the 2007 Association of Fundraising Professionals Award for her commitment to volunteerism and philanthropy.\u00a0\u00a0 She is also Chair of the Board of Girl Scouts of the USA.<\/p>\n<\/div>\n<\/div><\/div><\/div><div id=\"pgc-1830-1-2\"  class=\"panel-grid-cell\" ><div id=\"panel-1830-1-2-0\" class=\"so-panel widget widget_sow-editor panel-first-child panel-last-child\" data-index=\"3\" ><div\n\t\t\t\n\t\t\tclass=\"so-widget-sow-editor so-widget-sow-editor-base\"\n\t\t\t\n\t\t>\n<div class=\"siteorigin-widget-tinymce textwidget\">\n\t<p><img loading=\"lazy\" decoding=\"async\" class=\"aligncenter wp-image-1833\" src=\"http:\/\/globewomen.com\/wp-content\/uploads\/2018\/08\/Maria-de-Lourdes.png\" alt=\"\" width=\"143\" height=\"163\" \/><\/p>\n<p style=\"text-align: center;\"><strong>Maria de Lourdes (Lulu) Sobrino, Founder and CEO, Lulu\u2019s Dessert Corporation (Mexico) <\/strong><\/p>\n<p style=\"text-align: center;\">Maria de Lourdes Sobrino is Founder and CEO of Lulu\u2019s Dessert\u00ae Corporation. Born and raised in Mexico City, Ms. Sobrino\u2019s first business was in the tourism industry.\u00a0 In 1982, Ms. Sobrino had to close her Mexican travel business due to unstable economic conditions in Mexico, but then came up with the idea of ready-to-eat gelatin while living in the U.S.\u00a0 From the initial production of 300 cups of gelatin a day, Lulu\u2019s Dessert\u00ae has become a multimillion dollar business and a leading maker of ready-to-eat desserts.\u00a0 In her first book <em>Thriving Latina Entrepreneurs in America, <\/em>she shares her story along with other outstanding Latinas and their successes.<\/p>\n<\/div>\n<\/div><\/div><\/div><div id=\"pgc-1830-1-3\"  class=\"panel-grid-cell\" ><div id=\"panel-1830-1-3-0\" class=\"so-panel widget widget_sow-editor panel-first-child panel-last-child\" data-index=\"4\" ><div\n\t\t\t\n\t\t\tclass=\"so-widget-sow-editor so-widget-sow-editor-base\"\n\t\t\t\n\t\t>\n<div class=\"siteorigin-widget-tinymce textwidget\">\n\t<p><img loading=\"lazy\" decoding=\"async\" class=\"aligncenter wp-image-1834\" src=\"http:\/\/globewomen.com\/wp-content\/uploads\/2018\/08\/Maria-del-Carmen-Valencia-Martinez.png\" alt=\"\" width=\"121\" height=\"169\" \/><\/p>\n<p style=\"text-align: center;\"><strong>Maria del Carmen Valencia Martinez, Corporate Vice President for Systems, Wal-Mart Mexico<\/strong><\/p>\n<p style=\"text-align: center;\">With more than 20 years of experience in the areas of Information Systems and Telecommunications, Maria del Carmen Valencia is Corporate Vice-President of Systems for Wal-Mart of Mexico.\u00a0 In this role, she is responsible for providing support to more than 900 businesses in Mexico and for ensuring backup to operations in Argentina and Brazil, among other responsibilities.\u00a0\u00a0 In 2007, Ms. Valencia was named by <em>Expansion<\/em> as the \"Second Most Powerful Woman in Business\" in Mexico.\u00a0 She was also selected as a noted personality by CNN en Espanol and recognized as one of the \u201cTop 100 IT Leaders in Mexico\u201d in 2008.<\/p>\n<\/div>\n<\/div><\/div><\/div><\/div><\/div>","protected":false},"excerpt":{"rendered":"<p>The Global Summit of Women and Instituto Tecnol\u00f2gica Aut\u00f2nomo de M\u00e8xico (ITAM) present The Legacies of Women Forum:Dare to Change, Step into Leadership Mexico City, Mexico Jody Davids, Executive Vice President and Chief\u00a0Information Officer, Cardinal Health (USA) As Executive VP, &hellip; <a href=\"https:\/\/globewomen.com\/?page_id=1830\">Continued<\/a><\/p>\n","protected":false},"author":5,"featured_media":0,"parent":18,"menu_order":0,"comment_status":"closed","ping_status":"closed","template":"","meta":{"footnotes":""},"_links":{"self":[{"href":"https:\/\/globewomen.com\/index.php?rest_route=\/wp\/v2\/pages\/1830"}],"collection":[{"href":"https:\/\/globewomen.com\/index.php?rest_route=\/wp\/v2\/pages"}],"about":[{"href":"https:\/\/globewomen.com\/index.php?rest_route=\/wp\/v2\/types\/page"}],"author":[{"embeddable":true,"href":"https:\/\/globewomen.com\/index.php?rest_route=\/wp\/v2\/users\/5"}],"replies":[{"embeddable":true,"href":"https:\/\/globewomen.com\/index.php?rest_route=%2Fwp%2Fv2%2Fcomments&post=1830"}],"version-history":[{"count":11,"href":"https:\/\/globewomen.com\/index.php?rest_route=\/wp\/v2\/pages\/1830\/revisions"}],"predecessor-version":[{"id":1846,"href":"https:\/\/globewomen.com\/index.php?rest_route=\/wp\/v2\/pages\/1830\/revisions\/1846"}],"up":[{"embeddable":true,"href":"https:\/\/globewomen.com\/index.php?rest_route=\/wp\/v2\/pages\/18"}],"wp:attachment":[{"href":"https:\/\/globewomen.com\/index.php?rest_route=%2Fwp%2Fv2%2Fmedia&parent=1830"}],"curies":[{"name":"wp","href":"https:\/\/api.w.org\/{rel}","templated":true}]}}